
11, 17, 683
List the prime factors of 3008089.
7, 429727
List the prime factors of 297581.
297581
What are the prime factors of 392273?
7, 56039
What are the prime factors of 51499?
7, 1051
List the prime factors of 599644.
2, 149911
What are the prime factors of 1374848?
2, 23, 467
What are the prime factors of 275537?
61, 4517
What are the prime factors of 2252315?
5, 13, 34651
List the prime factors of 18107961.
3, 6035987
List the prime factors of 6361235.
5, 1272247
What are the prime factors of 8477227?
11, 770657
What are the prime factors of 11058310?
2, 5, 43, 25717
What are the prime factors of 2451184?
2, 239, 641
List the prime factors of 1441387.
23, 29, 2161
List the prime factors of 3522078.
2, 3, 7, 27953
List the prime factors of 45100.
2, 5, 11, 41
List the prime factors of 1379935.
5, 275987
What are the prime factors of 981736?
2, 7, 47, 373
What are the prime factors of 214134?
2, 3, 89, 401
List the prime factors of 311499.
3, 83, 139
List the prime factors of 168776.
2, 17, 73
List the prime factors of 138504.
2, 3, 29, 199
List the prime factors of 49487.
17, 41, 71
What are the prime factors of 4078?
2, 2039
List the prime factors of 1430087.
37, 38651
What are the prime factors of 4308082?
2, 2154041
List the prime factors of 33522.
2, 3, 37, 151
What are the prime factors of 1147442?
2, 67, 8563
What are the prime factors of 254629?
89, 2861
List the prime factors of 401661.
3, 13, 3433
What are the prime factors of 23272903?
61, 381523
List the prime factors of 20326.
2, 10163
What are the prime factors of 181942?
2, 90971
List the prime factors of 493101.
3, 7, 2609
List the prime factors of 3707564.
2, 7, 17, 7789
List the prime factors of 5827485.
3, 5, 388499
What are the prime factors of 696248?
2, 7, 12433
What are the prime factors of 77866?
2, 38933
What are the prime factors of 103163?
71, 1453
List the prime factors of 667423.
667423
What are the prime factors of 161368?
2, 23, 877
List the prime factors of 2403853.
37, 64969
List the prime factors of 3404794.
2, 17, 239, 419
List the prime factors of 11161883.
2879, 3877
What are the prime factors of 2537675?
5, 7, 17, 853
List the prime factors of 2280302.
2, 61, 18691
What are the prime factors of 113751?
3, 11, 383
List the prime factors of 880619.
101, 8719
What are the prime factors of 233259?
3, 13, 5981
List the prime factors of 3735813.
3, 653, 1907
List the prime factors of 11032529.
89, 113, 1097
What are the prime factors of 947692?
2, 23, 10301
What are the prime factors of 1828617?
3, 7, 19, 4583
List the prime factors of 311757.
3, 103919
What are the prime factors of 917502?
2, 3, 29, 5273
What are the prime factors of 9322838?
2, 7, 95131
What are the prime factors of 28762810?
2, 5, 17, 71, 2383
List the prime factors of 2177797.
41, 53117
What are the prime factors of 5103836?
2, 83, 15373
List the prime factors of 6954318.
2, 3, 7, 97, 569
What are the prime factors of 769837?
769837
List the prime factors of 310175.
5, 19, 653
List the prime factors of 8948889.
3, 994321
List the prime factors of 210010.
2, 5, 21001
What are the prime factors of 3122262?
2, 3, 11, 13, 1213
What are the prime factors of 433706?
2, 7, 13, 2383
List the prime factors of 11136400.
2, 5, 11, 2531
What are the prime factors of 2535409?
43, 58963
List the prime factors of 48190.
2, 5, 61, 79
List the prime factors of 63117.
3, 7013
List the prime factors of 16886447.
61, 276827
List the prime factors of 4555.
5, 911
What are the prime factors of 5175773?
73, 70901
List the prime factors of 48935.
5, 9787
What are the prime factors of 1868994?
2, 3, 83, 139
List the prime factors of 257772.
2, 3, 21481
What are the prime factors of 2733244?
2, 113, 6047
What are the prime factors of 6073350?
2, 3, 5, 19, 2131
What are the prime factors of 922862?
2, 17, 27143
List the prime factors of 2301081.
3, 23, 33349
What are the prime factors of 9957479?
7, 31, 45887
What are the prime factors of 513233?
7, 157, 467
What are the prime factors of 2021296?
2, 19, 61, 109
List the prime factors of 1839542.
2, 19, 48409
List the prime factors of 76281.
3, 47, 541
List the prime factors of 1014089.
1014089
What are the prime factors of 30295273?
30295273
What are the prime factors of 31589866?
2, 7, 11, 205129
What are the prime factors of 732232?
2, 91529
What are the prime factors of 245653?
245653
List the prime factors of 165456.
2, 3, 383
What are the prime factors of 245833?
7, 29, 173
What are the prime factors of 2402188?
2, 37, 16231
What are the prime factors of 1270276?
2, 7, 6481
What are the prime factors of 8692303?
1291, 6733
List the prime factors of 9969236.
2, 1163, 2143
List the prime factors of 176100.
2, 3, 5, 587
What are the prime factors of 777274?
2, 17, 22861
What are the prime factors of 3187655?
5, 637531
What are the prime factors of 91441?
7, 13063
What are the prime factors of 867897?
3, 73, 1321
List the prime factors of 13641417.
3, 1515713
What are the prime factors of 25990144?
2, 17, 1493
List the prime factors of 669929.
13, 29, 1777
What are the prime factors of 1406000?
2, 5, 19, 37
What are the prime factors of 20839?
7, 13, 229
List the prime factors of 318180.
2, 3, 5, 5303
List the prime factors of 3299223.
3, 1099741
What are the prime factors of 356030?
2, 5, 35603
What are the prime factors of 4333333?
53, 81761
List the prime factors of 474632.
2, 79, 751
List the prime factors of 4593512.
2, 7, 11, 7457
What are the prime factors of 20893592?
2, 2611699
What are the prime factors of 12445539?
3, 31, 163, 821
What are the prime factors of 135012?
2, 3, 11251
What are the prime factors of 6738102?
2, 3, 7, 53, 1009
List the prime factors of 11577478.
2, 11, 526249
List the prime factors of 6264911.
2089, 2999
What are the prime factors of 445880?
2, 5, 71, 157
List the prime factors of 231177.
3, 263, 293
List the prime factors of 11713400.
2, 5, 58567
List the prime factors of 44628.
2, 3, 3719
What are the prime factors of 384492?
2, 3, 179
List the prime factors of 64329.
3, 41, 523
What are the prime factors of 361853?
47, 7699
List the prime factors of 3793568.
2, 118549
List the prime factors of 192466.
2, 96233
What are the prime factors of 1126?
2, 563
What are the prime factors of 27022895?
5, 41, 193, 683
List the prime factors of 556927.
7, 79561
What are the prime factors of 261087?
3, 29, 3001
What are the prime factors of 3740990?
2, 5, 11, 71, 479
What are the prime factors of 544418?
2, 7, 37, 1051
What are the prime factors of 11546437?
7, 23, 29, 2473
What are the prime factors of 87081?
3, 29027
List the prime factors of 3049322.
2, 797, 1913
List the prime factors of 9415594.
2, 61, 71, 1087
List the prime factors of 18758176.
2, 619, 947
What are the prime factors of 3487168?
2, 23, 103
List the prime factors of 93445.
5, 11, 1699
What are the prime factors of 3959857?
11, 359987
List the prime factors of 234732.
2, 3, 31, 631
What are the prime factors of 1554711?
3, 518237
What are the prime factors of 1677073?
19, 61, 1447
What are the prime factors of 342196?
2, 85549
What are the prime factors of 635856?
2, 3, 13, 1019
What are the prime factors of 166803?
3, 7, 13, 47
List the prime factors of 854357.
7, 122051
What are the prime factors of 22364?
2, 5591
List the prime factors of 2439784.
2, 163, 1871
What are the prime factors of 1359977?
1359977
What are the prime factors of 41937?
3, 7, 1997
What are the prime factors of 374578?
2, 17, 23, 479
What are the prime factors of 929447?
787, 1181
What are the prime factors of 267481?
267481
What are the prime factors of 7742241?
3, 13, 66173
What are the prime factors of 1486280?
2, 5, 73, 509
What are the prime factors of 25111?
25111
What are the prime factors of 33175080?
2, 3, 5, 92153
List the prime factors of 152432.
2, 7, 1361
List the prime factors of 6054.
2, 3, 1009
What are the prime factors of 20508054?
2, 3, 7, 488287
What are the prime factors of 3756789?
3, 41, 10181
What are the prime factors of 19998615?
3, 5, 7, 13, 23
List the prime factors of 1081540.
2, 5, 17, 3181
List the prime factors of 1553846.
2, 7, 110989
List the prime factors of 1371363.
3, 7, 19, 491
What are the prime factors of 6713865?
3, 5, 149197
List the prime fa